/((-2)/(-4)). Suppose -5*w = 3*l - 251, u*l - 38 = -w + 417. What are the prime factors of l?
2, 23
Let z be ((-6)/(-1 + 3))/((-45)/75). Suppose -c + 0*h + 102 = -3*h, 0 = -z*c + 5*h + 520. List the prime factors of c.
3, 5, 7
Let s be ((-36)/16)/(2 + (-27)/12). Let o(u) = 2*u**2 + 10*u - 20. What are the prime factors of o(s)?
2, 29
Let w(x) = 275*x - 1530. What are the prime factors of w(38)?
2, 5, 223
Let v be 16528/(-24) - 1/3. Let t = 1044 + v. What are the prime factors of t?
5, 71
Let r(v) be the third derivative of v**5/15 + 3*v**4/8 + 7*v**3/2 + 1900*v**2. Suppose -j + 1 + 6 = 0. What are the prime factors of r(j)?
2, 5, 7
Let c be 6/8 - 1098/(-8). Let h be ((-2)/1)/(2/c). Let q = -62 - h. List the prime factors of q.
2, 19
Suppose 21*g - 17*g = 0. Suppose 18 + g = 9*a. Suppose -3*s = 3*l - 164 - 34, a*l = -4. List the prime factors of s.
2, 17
Let d(t) be the third derivative of -29*t**4/2 - 23*t**3/3 - 94*t**2 + 2*t. List the prime factors of d(-1).
2, 151
Suppose 0 = 13*j + 32039 - 106165. List the prime factors of j.
2, 2851
Let n = -437 + 338. Let s = n + 209. What are the prime factors of s?
2, 5, 11
Suppose 7*k - 9*k + 708 = 2*j, 3*j = -5*k + 1052. Let h = j + -85. What are the prime factors of h?
2, 137
Let l(n) = -3*n - 48. Let g be l(-16). Suppose g = -26*x + 6289 + 3669. What are the prime factors of x?
383
Let d(v) = -v**2 - 4*v + 15. Suppose -34 = 5*a - 4. Let t be d(a). Let p = 103 + t. What are the prime factors of p?
2, 53
Let v = 15595 + -10758. List the prime factors of v.
7, 691
Let c = -97 + 99. Let k(q) be the second derivative of 11*q**4/3 - q**3/3 + q**2/2 - 5*q. What are the prime factors of k(c)?
173
Suppose -27*h + 30*h = 15. Suppose 5*x + 2549 = 4*j, -1288 = -2*j + 3*x - h*x. List the prime factors of j.
641
Suppose -29 = 2*t + 5*j, 3*t + 21 + 10 = -5*j. List the prime factors of t/(4/(-1046)) + 4 + -3.
2, 131
Suppose 1128*b - 1146*b + 91134 = 0. What are the prime factors of b?
61, 83
Let a = -22082 + 22772. List the prime factors of a.
2, 3, 5, 23
Let r(c) = c**3 + 9*c**2 + 2*c + 21. Let p be r(-9). Suppose -3*b = 5*q - 2 - 22, 4*b - p = 3*q. List the prime factors of b.
3
Suppose 0 = -o - 4*n - 1883 + 7852, 2*o + 2*n = 11938. List the prime factors of o.
47, 127
Suppose 5*k = -1534 + 8489. Suppose 284 = -5*v - k. Let a = 476 + v. What are the prime factors of a?
3, 47
Let l = -3485 - -6595. Suppose 84*r - k + l = 88*r, -r - 4*k = -770. List the prime factors of r.
2, 389
Let d(f) = 3*f**2 + 7*f - 10. Let y be d(-7). Let o = 1296 + -1352. Let m = y + o. What are the prime factors of m?
2
Let u = -26 + 46. Let j(m) = u*m - 36 + 22 - m. List the prime factors of j(6).
2, 5
Let l be ((-28)/16)/(4 + 1026/(-256)). Suppose 226*c - l*c - 460 = 0. List the prime factors of c.
2, 5, 23
Suppose 0 = -5*p - a + 27, 3*p - 7 = 2*p - a. Let t(c) = 2*c**3 - 7*c**2 - 5*c - 1. List the prime factors of t(p).
7
Let w = -308 + 316. Suppose z - 1507 = -3*j, 2007 = 4*j - w*z + 7*z. What are the prime factors of j?
2, 251
Let q(y) = 182*y**2 - 96*y - 395. List the prime factors of q(-5).
3, 5, 103
Let a be (-1 - 5)*(-612)/(-8). Let b = 502 + a. What are the prime factors of b?
43
Let k(f) = f + 327. Suppose 14 = -2*o + 5*a - 1, 3*a - 9 = 3*o. What are the prime factors of k(o)?
3, 109
Suppose 110*m - 3*v + 25564 = 115*m, -25574 = -5*m + 2*v. List the prime factors of m.
2, 2557
Let a(g) = -g**3 - 12*g**2 - 5*g - 565. What are the prime factors of a(-27)?
5, 11, 191
Let g(v) = 19*v + 32 + 11*v - 8 - 7*v + v**2. Let a be g(-22). Suppose -a*n = 3*n - 505. What are the prime factors of n?
101
Let m = 64791 + -30200. What are the prime factors of m?
34591
Suppose -2*u + 3*p = -u - 84, -230 = -3*u - 2*p. Suppose -90*i + 12924 = -u*i. What are the prime factors of i?
3, 359
Suppose 0 = -v + 46*v - 89595. Suppose 3*c - v = -5*d, -2*d + 0*d = -5*c - 815. List the prime factors of d.
2, 5
Suppose 0 = -5*x + 3*x + 6, 0 = 4*l - 5*x + 87. What are the prime factors of (894/l)/(-3 + 8/3)?
149
Let v(z) = -5*z + 195. Suppose -h = -0*h + 11. List the prime factors of v(h).
2, 5
Suppose 7 = -3*j + 37. Let a(l) be the second derivative of l**4/6 - 7*l**3/3 + 11*l**2/2 + 10*l - 5. What are the prime factors of a(j)?
71
Suppose 0 = -2*n + n, -3*c = 5*n - 21942 - 28152. List the prime factors of c.
2, 3, 11, 23
Let k(g) = 14*g**2 - 3*g + 9. Let r be k(2). Suppose -63*u = -r*u + 24. List the prime factors of (14/21)/(u/(-549)).
61
Suppose 0 = -557*q + 548*q + 63. What are the prime factors of (q - 5) + 4/(-4)*-866?
2, 7, 31
Let h(j) = -4*j**3 - 2*j**2 + j. Let f be -3*2/(-6)*15/3. Suppose -6 = 3*i, -f*i - 4 + 0 = -2*b. List the prime factors of h(b).
3, 29
What are the prime factors of -23 - (-75584 - (35 - 23))?
3, 311
Let w(q) = 10*q**3 - 492*q**2 + 73*q - 51. List the prime factors of w(51).
2, 3, 5, 11, 17
Let t(u) = -155*u. Let c be t(-3). Suppose 77 = 3*l + 71. Suppose 5*h - 505 = 3*b + l*b, 3*b - c = -5*h. What are the prime factors of h?
2, 3
Let d(j) = 13*j**2 - 2*j - 2. Let c be d(-2). Let y be (-306)/(-27)*c/4. Suppose 4*t + y = 5*v - 162, t = 0. List the prime factors of v.
3, 7
Let y(b) = 69*b**2 - 8*b + 17. Let f = -628 + 625. List the prime factors of y(f).
2, 331
Suppose 4574 = -2*q - 3*n + 52033, -4*q + 94915 = 3*n. What are the prime factors of q?
2, 1483
Suppose -7 - 21 = -4*f - 4*b, -3*f + 4*b = -28. Let d(t) = -t + 14. Let m be d(f). List the prime factors of 10*m/(-8)*(-11 - 7).
3, 5
Suppose 8*g = -101 + 125. Suppose 358 = 4*f + m - g*m, -2*f + 174 = 4*m. What are the prime factors of f?
89
Let a = -870 + 876. List the prime factors of 12*(-2 - (-945)/a).
2, 3, 311
Suppose 9*i - 4*i = 45. Suppose 2*w - 5808 = -i*w. What are the prime factors of w?
2, 3, 11
Let k(j) = -3*j**3 - 15*j**2 - 29*j + 83. What are the prime factors of k(-9)?
2, 7, 47
Let o = -15602 - -26281. What are the prime factors of o?
59, 181
Suppose 0 = -2*r - 3*v + 11056 + 4606, 5*r + 4*v = 39155. What are the prime factors of r?
41, 191
Let n(x) = -x**3 - x**2 - 6*x + 6. Let c be 24/14 - (-4 + 156/42). Suppose 0 = q - c + 7. List the prime factors of n(q).
2, 17
Let z = 370 + -542. Let t = z - -93. Let y = t - -135. What are the prime factors of y?
2, 7
Let g(z) = 3*z**2 + 5*z + 2. Let b be g(-3). Let s be (-520)/(-91) - (-2 + 24/b). Let m(o) = -o**3 + 8*o**2 + 7*o - 10. What are the prime factors of m(s)?
2, 13
Let c(k) = -82*k + 233. Let t be 26/(-65)*(78 - 3)/3. List the prime factors of c(t).
3, 13
Suppose 0 = 77*j - 26*j - 50337. What are the prime factors of j?
3, 7, 47
Let i(b) = 558 - 547 - b + 2*b. What are the prime factors of i(25)?
2, 3
What are the prime factors of (13 - (-7 - -24)) + 3772?
2, 3, 157
Let z(n) be the third derivative of n**4/24 + 31*n**3/6 - 9*n**2 + 178. Suppose 0 = 4*s + 3 - 83. What are the prime factors of z(s)?
3, 17
Let u(f) = -4*f**2 - 13*f + 3. Let r be u(-11). Let k = r + 1005. What are the prime factors of k?
23, 29
Suppose -6*n + 2*n + 1463 = d, 5*d = -n + 361. Let r(a) = -a**3 - 40*a**2 - 42*a - 81. Let b be r(-39). Suppose b*i - 33*i = n. List the prime factors of i.
2, 61
Suppose 53*f + 24*f - 257334 = 0. List the prime factors of f.
2, 3, 557
Let q be (-3 - -2)/(2529/(-360) + 7). Suppose q*a = 46*a - 3774. What are the prime factors of a?
17, 37
Suppose w = -2*q + q + 40, 163 = 4*w + q. Let j = 612 - w. What are the prime factors of j?
571
Let o(p) = -23*p**2 - 9*p + 12. Let i be o(-6). Let k = -357 - i. List the prime factors of k.
3, 5
Suppose 5*c + 33 = 58. Suppose 166 = -c*n + 91. Let r = 244 + n. List the prime factors of r.
229
Suppose 315*o + 5*n - 18060 = 314*o, 18102 = o - n. What are the prime factors of o?
5, 7, 11, 47
Let n(b) = -15*b**2 + 10. Let g(f) = -13*f**2 + f + 9. Let y(t) = -4*g(t) + 3*n(t). What are the prime factors of y(10)?
2, 3, 109
Let s(i) = 2*i**2 + 173*i + 774. List the prime factors of s(-119).
67, 127
Let t(d) = 3773*d + 141. Let f be t(14). Suppose -54*h + f = -2387. What are the prime factors of h?
5, 41
Suppose 216*p + 399160 - 3521872 = 0. What are the prime factors of p?
3, 61, 79
Let h(w) = -w + 23. Let t be h(21). Let i be ((-75)/25)/((t/5)/(-2)). Suppose i*r = 2*r + 754. List the prime factors of r.
2, 29
Let q be ((-7)/14)/(1/2) + -41. Let h = 48 + q. List the prime factors